{"id":51,"date":"2009-12-22T17:18:26","date_gmt":"2009-12-22T16:18:26","guid":{"rendered":"http:\/\/deranimateur.at\/?page_id=51"},"modified":"2009-12-22T17:18:26","modified_gmt":"2009-12-22T16:18:26","slug":"gehalt-verpflegung-versicherung","status":"publish","type":"page","link":"https:\/\/deranimateur.at\/?page_id=51","title":{"rendered":"Honorar &#038; Verpflegung"},"content":{"rendered":"<p>Als AnimateurIn bekommst du pro Monat \u20ac 800,- (netto)<\/p>\n<p><a href=\"http:\/\/deranimateur.at\/wp-content\/uploads\/2009\/12\/mehlspeise.jpg\"><img loading=\"lazy\" decoding=\"async\" class=\"alignright wp-image-436\" title=\"mehlspeise\" src=\"http:\/\/deranimateur.at\/wp-content\/uploads\/2009\/12\/mehlspeise-200x300.jpg\" alt=\"\" width=\"126\" height=\"189\" srcset=\"https:\/\/deranimateur.at\/wp-content\/uploads\/2009\/12\/mehlspeise-200x300.jpg 200w, https:\/\/deranimateur.at\/wp-content\/uploads\/2009\/12\/mehlspeise-683x1024.jpg 683w, https:\/\/deranimateur.at\/wp-content\/uploads\/2009\/12\/mehlspeise-768x1152.jpg 768w, https:\/\/deranimateur.at\/wp-content\/uploads\/2009\/12\/mehlspeise-1024x1536.jpg 1024w, https:\/\/deranimateur.at\/wp-content\/uploads\/2009\/12\/mehlspeise-1365x2048.jpg 1365w, https:\/\/deranimateur.at\/wp-content\/uploads\/2009\/12\/mehlspeise-scaled.jpg 1707w\" sizes=\"auto, (max-width: 126px) 100vw, 126px\" \/><\/a><\/p>\n<div><\/div>\n<p>Die <strong>Kosten f\u00fcr deine An- und Abreise<\/strong> werden selbstverst\u00e4ndlich von uns \u00fcbernommen.<\/p>\n<div>\n<p>Die <strong>Unterkunft sowie die Verpflegung im Hotel<\/strong> sind ebenfalls kostenlos. Das bedeutet f\u00fcr alle Mitarbeiter, dass sie sich 3x t\u00e4glich nach Herzenslust am all inclusive Buffet des Hotels bedienen sowie alle alkoholfreien Getr\u00e4nke gratis genie\u00dfen k\u00f6nnen.<\/p>\n<\/div>\n","protected":false},"excerpt":{"rendered":"<p>Als AnimateurIn bekommst du pro Monat \u20ac 800,- (netto) Die Kosten f\u00fcr deine An- und Abreise werden selbstverst\u00e4ndlich von uns \u00fcbernommen. Die Unterkunft sowie die Verpflegung im Hotel sind ebenfalls kostenlos. Das bedeutet f\u00fcr alle Mitarbeiter, dass sie sich 3x t\u00e4glich nach Herzenslust am all inclusive Buffet des Hotels bedienen sowie alle alkoholfreien Getr\u00e4nke gratis &hellip; <a href=\"https:\/\/deranimateur.at\/?page_id=51\" class=\"more-link\"><span class=\"screen-reader-text\">Honorar &#038; Verpflegung<\/span> weiterlesen<\/a><\/p>\n","protected":false},"author":1,"featured_media":0,"parent":256,"menu_order":20,"comment_status":"closed","ping_status":"closed","template":"","meta":{"footnotes":"","_links_to":"","_links_to_target":""},"class_list":["post-51","page","type-page","status-publish","hentry"],"_links":{"self":[{"href":"https:\/\/deranimateur.at\/index.php?rest_route=\/wp\/v2\/pages\/51","targetHints":{"allow":["GET"]}}],"collection":[{"href":"https:\/\/deranimateur.at\/index.php?rest_route=\/wp\/v2\/pages"}],"about":[{"href":"https:\/\/deranimateur.at\/index.php?rest_route=\/wp\/v2\/types\/page"}],"author":[{"embeddable":true,"href":"https:\/\/deranimateur.at\/index.php?rest_route=\/wp\/v2\/users\/1"}],"replies":[{"embeddable":true,"href":"https:\/\/deranimateur.at\/index.php?rest_route=%2Fwp%2Fv2%2Fcomments&post=51"}],"version-history":[{"count":0,"href":"https:\/\/deranimateur.at\/index.php?rest_route=\/wp\/v2\/pages\/51\/revisions"}],"up":[{"embeddable":true,"href":"https:\/\/deranimateur.at\/index.php?rest_route=\/wp\/v2\/pages\/256"}],"wp:attachment":[{"href":"https:\/\/deranimateur.at\/index.php?rest_route=%2Fwp%2Fv2%2Fmedia&parent=51"}],"curies":[{"name":"wp","href":"https:\/\/api.w.org\/{rel}","templated":true}]}}